er when 1095244 is divided by 2130?
424
What is the remainder when 378149 is divided by 1051?
840
What is the remainder when 605026 is divided by 60501?
16
Calculate the remainder when 180983876 is divided by 3465.
3461
Calculate the remainder when 2524599 is divided by 140252.
63
What is the remainder when 6604487 is divided by 4297?
4295
What is the remainder when 456586 is divided by 497?
340
What is the remainder when 499163 is divided by 486?
41
What is the remainder when 39355452 is divided by 238?
10
What is the remainder when 5792998 is divided by 965492?
46
What is the remainder when 227187 is divided by 2716?
1759
What is the remainder when 32273 is divided by 361?
144
What is the remainder when 369995 is divided by 997?
108
What is the remainder when 129022 is divided by 672?
670
What is the remainder when 12293326 is divided by 252?
10
What is the remainder when 8290266 is divided by 2915?
6
Calculate the remainder when 20709 is divided by 1592.
13
Calculate the remainder when 1052460 is divided by 526211.
38
What is the remainder when 936252537 is divided by 54?
51
What is the remainder when 388825 is divided by 16889?
378
Calculate the remainder when 5304034 is divided by 13.
8
Calculate the remainder when 3667762 is divided by 220.
142
What is the remainder when 124876 is divided by 31142?
308
Calculate the remainder when 105441760 is divided by 5535.
10
What is the remainder when 20000227 is divided by 62306?
1
Calculate the remainder when 2028648 is divided by 676195.
63
What is the remainder when 40473695 is divided by 6831?
20
Calculate the remainder when 200396267 is divided by 2052.
2051
Calculate the remainder when 3055906 is divided by 763975.
6
What is the remainder when 44295 is divided by 1195?
80
Calculate the remainder when 20232 is divided by 2709.
1269
What is the remainder when 174550 is divided by 1856?
86
Calculate the remainder when 185187 is divided by 229.
155
What is the remainder when 12205167 is divided by 14?
9
Calculate the remainder when 51540 is divided by 51539.
1
What is the remainder when 1063451 is divided by 1424?
1147
What is the remainder when 1595851 is divided by 159574?
111
What is the remainder when 2603283 is divided by 78886?
45
Calculate the remainder when 25235148 is divided by 50.
48
Calculate the remainder when 11542723 is divided by 410.
403
Calculate the remainder when 10152944 is divided by 481.
477
What is the remainder when 914270 is divided by 907?
14
Calculate the remainder when 6841809 is divided by 855.
99
Calculate the remainder when 1044738 is divided by 347666.
1740
Calculate the remainder when 29246 is divided by 239.
88
Calculate the remainder when 12697911 is divided by 29530.
11
Calculate the remainder when 6531959 is divided by 38.
25
What is the remainder when 4151 is divided by 1066?
953
Calculate the remainder when 97421 is divided by 8876.
8661
Calculate the remainder when 25367747 is divided by 382.
273
What is the remainder when 4866014 is divided by 304120?
94
What is the remainder when 264969 is divided by 132396?
177
Calculate the remainder when 185323 is divided by 14035.
2868
What is the remainder when 6001061 is divided by 2000350?
11
Calculate the remainder when 271662 is divided by 10866.
12
Calculate the remainder when 96891 is divided by 48299.
293
What is the remainder when 9420255 is divided by 2792?
47
What is the remainder when 7038393 is divided by 49?
33
Calculate the remainder when 984815270 is divided by 239.
235
What is the remainder when 1848056 is divided by 230?
6
Calculate the remainder when 79953467 is divided by 4703144.
19
Calculate the remainder when 112159169 is divided by 22431823.
54
What is the remainder when 1128245 is divided by 22?
19
Calculate the remainder when 60596 is divided by 687.
140
What is the remainder when 602538 is divided by 150319?
1262
What is the remainder when 1026234 is divided by 12515?
4
Calculate the remainder when 9813 is divided by 3052.
657
Calculate the remainder when 139992 is divided by 7365.
57
Calculate the remainder when 125651 is divided by 121661.
3990
What is the remainder when 3329137 is divided by 17430?
7
Calculate the remainder when 2386704 is divided by 692.
688
Calculate the remainder when 4164917 is divided by 5416.
13
Calculate the remainder when 62041 is divided by 163.
101
Calculate the remainder when 120626 is divided by 8614.
30
What is the remainder when 9201718 is divided by 20?
18
What is the remainder when 89427 is divided by 44706?
15
Calculate the remainder when 448361 is divided by 448344.
17
Calculate the remainder when 13843291 is divided by 26.
7
Calculate the remainder when 106435 is divided by 467.
426
What is the remainder when 7059002 is divided by 17?
7
What is the remainder when 15897307 is divided by 1719?
1714
Calculate the remainder when 9920 is divided by 50.
20
Calculate the remainder when 2928234 is divided by 37541.
36
Calculate the remainder when 1614382 is divided by 64.
46
Calculate the remainder when 1953934 is divided by 54.
52
What is the remainder when 16157 is divided by 1077?
2
Calculate the remainder when 880264010 is divided by 9571.
9569
Calculate the remainder when 5938069 is divided by 214.
211
What is the remainder when 8838934 is divided by 157?
148
What is the remainder when 2712055 is divided by 1623?
22
What is the remainder when 214974209 is divided by 15?
14
What is the remainder when 4912335 is divided by 5666?
5579
Calculate the remainder when 560503 is divided by 2153.
723
Calculate the remainder when 425843 is divided by 334.
327
Calculate the remainder when 70824 is divided by 16428.
5112
What is the remainder when 11146 is divided by 903?
310
Calculate the remainder when 683445 is divided by 52572.
9
What is the remainder when 22444900 is divided by 7481631?
7
What is the remainder when 98960 is divided by 98877?
83
What is the remainder when 5153885 is divided by 13?
9
What is the remainder when 7378538 is divided by 2562?
2540
Calculate the remainder when 571701 is divided by 284778.
2145
Calculate the remainder when 497151 is divided by 909.
837
Calculate the remainder when 31060115 is divided by 16.
3
What is the remainder when 3336284 is divided by 25?
9
Calculate the remainder when 1480163 is divided by 440.
3
What is the remainder when 645127 is divided by 1150?
1127
What is the remainder when 95683186 is divided by 2126292?
46
What is the remainder when 92949 is divided by 1541?
489
What is the remainder when 171037 is divided by 67?
53
What is the remainder when 3598979 is divided by 72?
59
What is the remainder when 162048 is divided by 1111?
953
Calculate the remainder when 247012 is divided by 681.
490
What is the remainder when 58997938 is divided by 1001?
1000
What is the remainder when 90846 is divided by 30214?
204
What is the remainder when 1511221 is divided by 1144?
1141
What is the remainder when 61556030 is divided by 44?
30
Calculate the remainder when 1231167 is divided by 179.
5
What is the remainder when 2904809 is divided by 581?
390
What is the remainder when 92441266 is divided by 342375?
16
Calculate the remainder when 3575253445 is divided by 104.
101
What is the remainder when 44257 is divided by 14?
3
What is the remainder when 8238980 is divided by 222675?
5
Calculate the remainder when 31944346 is divided by 26077.
21
What is the remainder when 5912746 is divided by 76?
22
Calculate the remainder when 55478590 is divided by 3107.
3105
What is the remainder when 3131226 is divided by 626245?
1
What is the remainder when 1013756 is divided by 2304?
2300
Calculate the remainder when 1789597 is divided by 548.
377
What is the remainder when 96880378 is divided by 16?
10
What is the remainder when 34692 is divided by 16635?
1422
What is the remainder when 264865 is divided by 65771?
1781
What is the remainder when 159353419 is divided by 2950989?
13
What is the remainder when 884285 is divided by 110534?
13
Calculate the remainder when 2730379 is divided by 2730377.
2
Calculate the remainder when 53370 is divided by 2149.
1794
Calculate the remainder when 6469598 is divided by 157794.
44
What is the remainder when 163674 is divided by 2355?
1179
Calculate the remainder when 385233 is divided by 2293.
